{"id":37,"date":"2021-06-14T08:34:17","date_gmt":"2021-06-14T08:34:17","guid":{"rendered":"https:\/\/web4.bilkent.edu.tr\/deneyselbilissel2021\/?page_id=37"},"modified":"2021-09-10T17:13:59","modified_gmt":"2021-09-10T14:13:59","slug":"bilimsel-program","status":"publish","type":"page","link":"https:\/\/web4.bilkent.edu.tr\/deneyselbilissel2021\/?page_id=37","title":{"rendered":"Bilimsel Program"},"content":{"rendered":"\n<p><a href=\"http:\/\/web4.bilkent.edu.tr\/deneyselbilissel2021\/wp-content\/uploads\/2021\/09\/Sempozyum-Program-2.pdf\">Sempozyum Program\u0131 i\u00e7in t\u0131klay\u0131n\u0131z.<\/a><\/p>\n\n\n\n<div class=\"wp-block-media-text alignwide is-stacked-on-mobile\"><figure class=\"wp-block-media-text__media\"><\/figure><div class=\"wp-block-media-text__content\">\n<p class=\"has-large-font-size\"><\/p>\n<\/div><\/div>\n\n\n\n<p><a href=\"http:\/\/web4.bilkent.edu.tr\/deneyselbilissel2021\/wp-content\/uploads\/2021\/09\/Deneysel-Bilissel-Sempozyumu-20210910.pdf\">Sempozyum Kitap\u00e7\u0131\u011f\u0131 i\u00e7in t\u0131klay\u0131n\u0131z. <\/a>(G\u00dcNCELLENM\u0130\u015e HAL\u0130 &#8211; 10\/09\/2021)<\/p>\n\n\n\n<div class=\"wp-block-media-text alignwide is-stacked-on-mobile\"><figure class=\"wp-block-media-text__media\"><\/figure><div class=\"wp-block-media-text__content\">\n<p class=\"has-large-font-size\"><\/p>\n<\/div><\/div>\n\n\n\n<hr class=\"wp-block-separator is-style-wide\"\/>\n\n\n\n<p><strong>\u00c7evrimi\u00e7i format:<\/strong> Sempozyum 300 ki\u015fi kapasiteli bir Zoom hesab\u0131<br>\u00fczerinden ger\u00e7ekle\u015fecek. T\u00fcm konu\u015fmalar ve posterler canl\u0131 sunulacak.<br>(Zoom ile sunum konusunda faydal\u0131 olabilecek bir d\u00f6k\u00fcman:<br><a rel=\"noreferrer noopener\" href=\"https:\/\/ecvp2021.org\/info\/OptimisingVideo.pdf\" target=\"_blank\">https:\/\/ecvp2021.org\/info\/OptimisingVideo.pdf<\/a>)<\/p>\n\n\n\n<p><strong>Konu\u015fmalar:<\/strong> Konu\u015fmalar 25 dakika sunum, 5 dakika tart\u0131\u015fma \u015feklinde<br>olacak.<\/p>\n\n\n\n<p><strong>Posterler:<\/strong> Poster sunumlar\u0131 her bir poster i\u00e7in olu\u015fturulacak Zoom<br>ba\u011flant\u0131s\u0131ndaki &#8216;break-out room&#8217;larda ger\u00e7ekle\u015fecek. Bu \u015fekilde<br>poster seanslar\u0131n\u0131n k\u00fc\u00e7\u00fck gruplar halinde tart\u0131\u015fma i\u00e7in uygun ortamlar<br>yarataca\u011f\u0131n\u0131 umuyoruz. Ayr\u0131ca bu odalar\u0131 poster seanslar\u0131 d\u0131\u015f\u0131nda t\u00fcm<br>Sempozyum boyunca a\u00e7\u0131k tutmay\u0131 planl\u0131yoruz. Poster sunumlar\u0131 ekran<br>payla\u015f\u0131m\u0131yla klasik bir poster g\u00f6sterimi ile olabilece\u011fi gibi yans\u0131<br>g\u00f6sterimi \u015feklinde de yap\u0131labilecek. \u00d6nerimiz poster sunumlar\u0131n\u0131n 5<br>civar\u0131 yans\u0131 ile yap\u0131lmas\u0131.<\/p>\n\n\n\n<p><strong>Sempozyum Kay\u0131t \u0130\u015flemleri:<\/strong> Zoom kat\u0131l\u0131m bilgileri email olarak<br>Sempozyumdan hemen \u00f6nce payla\u015f\u0131lacak. Payla\u015f\u0131m sadece kay\u0131tl\u0131<br>kat\u0131l\u0131mc\u0131lar ile yap\u0131lacak. Bu y\u00fczden kay\u0131t i\u015flemlerinizin son tarih<br>olan 31 A\u011fustos 2021&#8217;e kadar yap\u0131lmas\u0131 gerekiyor.<br>(<a rel=\"noreferrer noopener\" href=\"https:\/\/web4.bilkent.edu.tr\/deneyselbilissel2021\/?page_id=59\" target=\"_blank\">https:\/\/web4.bilkent.edu.tr\/deneyselbilissel2021\/?page_id=59<\/a>)<\/p>\n","protected":false},"excerpt":{"rendered":"<p>Sempozyum Program\u0131 i\u00e7in t\u0131klay\u0131n\u0131z. Sempozyum Kitap\u00e7\u0131\u011f\u0131 i\u00e7in t\u0131klay\u0131n\u0131z. (G\u00dcNCELLENM\u0130\u015e HAL\u0130 &#8211; 10\/09\/2021) \u00c7evrimi\u00e7i format: Sempozyum 300 ki\u015fi kapasiteli bir Zoom hesab\u0131\u00fczerinden ger\u00e7ekle\u015fecek. T\u00fcm konu\u015fmalar ve posterler canl\u0131 sunulacak.(Zoom ile sunum konusunda faydal\u0131 olabilecek bir d\u00f6k\u00fcman:https:\/\/ecvp2021.org\/info\/OptimisingVideo.pdf) Konu\u015fmalar: Konu\u015fmalar 25 dakika sunum, 5 dakika tart\u0131\u015fma \u015feklindeolacak. Posterler: Poster sunumlar\u0131 her bir poster i\u00e7in olu\u015fturulacak Zoomba\u011flant\u0131s\u0131ndaki &#8216;break-out room&#8217;larda\u2026 <span class=\"read-more\"><a href=\"https:\/\/web4.bilkent.edu.tr\/deneyselbilissel2021\/?page_id=37\">Read More &raquo;<\/a><\/span><\/p>\n","protected":false},"author":1,"featured_media":0,"parent":0,"menu_order":0,"comment_status":"closed","ping_status":"closed","template":"","meta":[],"_links":{"self":[{"href":"https:\/\/web4.bilkent.edu.tr\/deneyselbilissel2021\/index.php?rest_route=\/wp\/v2\/pages\/37"}],"collection":[{"href":"https:\/\/web4.bilkent.edu.tr\/deneyselbilissel2021\/index.php?rest_route=\/wp\/v2\/pages"}],"about":[{"href":"https:\/\/web4.bilkent.edu.tr\/deneyselbilissel2021\/index.php?rest_route=\/wp\/v2\/types\/page"}],"author":[{"embeddable":true,"href":"https:\/\/web4.bilkent.edu.tr\/deneyselbilissel2021\/index.php?rest_route=\/wp\/v2\/users\/1"}],"replies":[{"embeddable":true,"href":"https:\/\/web4.bilkent.edu.tr\/deneyselbilissel2021\/index.php?rest_route=%2Fwp%2Fv2%2Fcomments&post=37"}],"version-history":[{"count":12,"href":"https:\/\/web4.bilkent.edu.tr\/deneyselbilissel2021\/index.php?rest_route=\/wp\/v2\/pages\/37\/revisions"}],"predecessor-version":[{"id":196,"href":"https:\/\/web4.bilkent.edu.tr\/deneyselbilissel2021\/index.php?rest_route=\/wp\/v2\/pages\/37\/revisions\/196"}],"wp:attachment":[{"href":"https:\/\/web4.bilkent.edu.tr\/deneyselbilissel2021\/index.php?rest_route=%2Fwp%2Fv2%2Fmedia&parent=37"}],"curies":[{"name":"wp","href":"https:\/\/api.w.org\/{rel}","templated":true}]}}