{"id":48,"date":"2021-06-14T08:34:37","date_gmt":"2021-06-14T08:34:37","guid":{"rendered":"https:\/\/web4.bilkent.edu.tr\/deneyselbilissel2021\/?page_id=48"},"modified":"2021-06-15T14:01:54","modified_gmt":"2021-06-15T11:01:54","slug":"iletisim","status":"publish","type":"page","link":"https:\/\/web4.bilkent.edu.tr\/deneyselbilissel2021\/?page_id=48","title":{"rendered":"\u0130leti\u015fim"},"content":{"rendered":"\n<p>Sempozyumla ilgili sorular\u0131n\u0131z i\u00e7in d\u00fczenleme komitesi ile ileti\u015fime ge\u00e7ebilirsiniz: <a href=\"mailto:deneyselbilissel2021komite@googlegroups.com\">deneyselbilissel2021komite@googlegroups.com<\/a><\/p>\n\n\n\n<p><\/p>\n","protected":false},"excerpt":{"rendered":"<p>Sempozyumla ilgili sorular\u0131n\u0131z i\u00e7in d\u00fczenleme komitesi ile ileti\u015fime ge\u00e7ebilirsiniz: deneyselbilissel2021komite@googlegroups.com<\/p>\n","protected":false},"author":1,"featured_media":0,"parent":0,"menu_order":0,"comment_status":"closed","ping_status":"closed","template":"","meta":[],"_links":{"self":[{"href":"https:\/\/web4.bilkent.edu.tr\/deneyselbilissel2021\/index.php?rest_route=\/wp\/v2\/pages\/48"}],"collection":[{"href":"https:\/\/web4.bilkent.edu.tr\/deneyselbilissel2021\/index.php?rest_route=\/wp\/v2\/pages"}],"about":[{"href":"https:\/\/web4.bilkent.edu.tr\/deneyselbilissel2021\/index.php?rest_route=\/wp\/v2\/types\/page"}],"author":[{"embeddable":true,"href":"https:\/\/web4.bilkent.edu.tr\/deneyselbilissel2021\/index.php?rest_route=\/wp\/v2\/users\/1"}],"replies":[{"embeddable":true,"href":"https:\/\/web4.bilkent.edu.tr\/deneyselbilissel2021\/index.php?rest_route=%2Fwp%2Fv2%2Fcomments&post=48"}],"version-history":[{"count":4,"href":"https:\/\/web4.bilkent.edu.tr\/deneyselbilissel2021\/index.php?rest_route=\/wp\/v2\/pages\/48\/revisions"}],"predecessor-version":[{"id":116,"href":"https:\/\/web4.bilkent.edu.tr\/deneyselbilissel2021\/index.php?rest_route=\/wp\/v2\/pages\/48\/revisions\/116"}],"wp:attachment":[{"href":"https:\/\/web4.bilkent.edu.tr\/deneyselbilissel2021\/index.php?rest_route=%2Fwp%2Fv2%2Fmedia&parent=48"}],"curies":[{"name":"wp","href":"https:\/\/api.w.org\/{rel}","templated":true}]}}