{"id":1135,"date":"2023-02-19T10:42:45","date_gmt":"2023-02-19T10:42:45","guid":{"rendered":"https:\/\/web4.bilkent.edu.tr\/hcf\/?page_id=1135"},"modified":"2025-12-01T09:26:12","modified_gmt":"2025-12-01T09:26:12","slug":"theses","status":"publish","type":"page","link":"https:\/\/web4.bilkent.edu.tr\/hcf\/?page_id=1135","title":{"rendered":"Theses"},"content":{"rendered":"\n<h2 class=\"wp-block-heading\">2022 Alumni<\/h2>\n\n\n\n<p>G\u00fcls\u00fcm \u00d6zge \u015eengil, MSc Neuroscience <a href=\"http:\/\/repository.bilkent.edu.tr\/handle\/11693\/111064\" target=\"_blank\" rel=\"noopener\" title=\"download link\">download link<\/a><\/p>\n\n\n\n<p>\u0130rem Giray, MA Psychology <a href=\"http:\/\/repository.bilkent.edu.tr\/handle\/11693\/111066\" target=\"_blank\" rel=\"noopener\" title=\"download link\">download link<\/a><\/p>\n\n\n\n<h2 class=\"wp-block-heading\">2023 Alumni<\/h2>\n\n\n\n<p>\u0130pek \u00c7ift\u00e7i, MSc Neuroscience <a href=\"http:\/\/repository.bilkent.edu.tr\/handle\/11693\/111997\" target=\"_blank\" rel=\"noreferrer noopener\">download link<\/a><\/p>\n\n\n\n<p>Cansel \u0130nan, MA Psychology <a href=\"https:\/\/repository.bilkent.edu.tr\/bitstreams\/2f0e0c9e-5002-453b-9fb8-c91e8e7d99d5\/download\" target=\"_blank\" rel=\"noopener\" title=\"download link\">download link<\/a><\/p>\n\n\n\n<p>Tamer Gezici, MSc Neuroscience <a href=\"https:\/\/repository.bilkent.edu.tr\/items\/95a68dcc-aefd-4a31-964b-862bde3151a9\" target=\"_blank\" rel=\"noopener\" title=\"download link\">download link<\/a><\/p>\n\n\n\n<p>Shahrzad Falahat, MSc Neuroscience <a href=\"https:\/\/repository.bilkent.edu.tr\/bitstreams\/2617442d-9628-41a8-a21a-3482a0eed76f\/download\" target=\"_blank\" rel=\"noopener\" title=\"download link\">download link<\/a><\/p>\n\n\n\n<p>Hasan Duymu\u015f, MA Psychology <a href=\"https:\/\/repository.bilkent.edu.tr\/items\/f9581321-76ac-45fd-9682-888520061355\" target=\"_blank\" rel=\"noopener\" title=\"download link\">download link<\/a><\/p>\n\n\n\n<h2 class=\"wp-block-heading\">2024 Alumni<\/h2>\n\n\n\n<p>Ay\u015fe Bet\u00fcl Varol <a href=\"https:\/\/repository.bilkent.edu.tr\/items\/abb63cfa-e242-4141-9790-71c96bf1ff31\" target=\"_blank\" rel=\"noopener\" title=\"\">download link<\/a><\/p>\n\n\n\n<h2 class=\"wp-block-heading\">2025 Alumni<\/h2>\n\n\n\n<p>Berhan Faruk Akg\u00fcr <a href=\"https:\/\/repository.bilkent.edu.tr\/bitstreams\/5f106331-c65f-46d1-b5ef-36d981d0e5da\/download\" target=\"_blank\" rel=\"noopener\" title=\"\">https:\/\/repository.bilkent.edu.tr\/bitstreams\/5f106331-c65f-46d1-b5ef-36d981d0e5da\/download<\/a><\/p>\n\n\n\n<p>S\u00fcmeyye \u00d6zt\u00fcrk <a href=\"https:\/\/repository.bilkent.edu.tr\/bitstreams\/6be19e2f-e555-4b2b-802c-482f83564d86\/download\" target=\"_blank\" rel=\"noopener\" title=\"\">https:\/\/repository.bilkent.edu.tr\/items\/76e04531-07a9-4b4d-a224-99e711d74f43<\/a><\/p>\n\n\n\n<p>Berfin G\u00fcrcan <a href=\"https:\/\/repository.bilkent.edu.tr\/bitstreams\/ada8c400-16b3-49c0-b304-b2e8d927fe69\/download\" target=\"_blank\" rel=\"noopener\" title=\"\">https:\/\/repository.bilkent.edu.tr\/items\/d509332d-2f15-423d-9747-5fe105079ada\/download<\/a><\/p>\n","protected":false},"excerpt":{"rendered":"<p>2022 Alumni G\u00fcls\u00fcm \u00d6zge \u015eengil, MSc Neuroscience download link \u0130rem Giray, MA Psychology download link 2023 Alumni \u0130pek \u00c7ift\u00e7i, MSc Neuroscience download link Cansel \u0130nan, MA Psychology download link Tamer Gezici, MSc Neuroscience download link Shahrzad Falahat, MSc Neuroscience download link Hasan Duymu\u015f, MA Psychology download link 2024 Alumni Ay\u015fe Bet\u00fcl Varol download link 2025 &hellip; <\/p>\n<p class=\"link-more\"><a href=\"https:\/\/web4.bilkent.edu.tr\/hcf\/?page_id=1135\" class=\"more-link\">Read the full post &rarr;<span class=\"screen-reader-text\">&#8220;Theses&#8221;<\/span><\/a><\/p>\n","protected":false},"author":1,"featured_media":0,"parent":0,"menu_order":0,"comment_status":"closed","ping_status":"closed","template":"","meta":{"om_disable_all_campaigns":false,"_mi_skip_tracking":false},"aioseo_notices":[],"_links":{"self":[{"href":"https:\/\/web4.bilkent.edu.tr\/hcf\/index.php?rest_route=\/wp\/v2\/pages\/1135"}],"collection":[{"href":"https:\/\/web4.bilkent.edu.tr\/hcf\/index.php?rest_route=\/wp\/v2\/pages"}],"about":[{"href":"https:\/\/web4.bilkent.edu.tr\/hcf\/index.php?rest_route=\/wp\/v2\/types\/page"}],"author":[{"embeddable":true,"href":"https:\/\/web4.bilkent.edu.tr\/hcf\/index.php?rest_route=\/wp\/v2\/users\/1"}],"replies":[{"embeddable":true,"href":"https:\/\/web4.bilkent.edu.tr\/hcf\/index.php?rest_route=%2Fwp%2Fv2%2Fcomments&post=1135"}],"version-history":[{"count":21,"href":"https:\/\/web4.bilkent.edu.tr\/hcf\/index.php?rest_route=\/wp\/v2\/pages\/1135\/revisions"}],"predecessor-version":[{"id":1351,"href":"https:\/\/web4.bilkent.edu.tr\/hcf\/index.php?rest_route=\/wp\/v2\/pages\/1135\/revisions\/1351"}],"wp:attachment":[{"href":"https:\/\/web4.bilkent.edu.tr\/hcf\/index.php?rest_route=%2Fwp%2Fv2%2Fmedia&parent=1135"}],"curies":[{"name":"wp","href":"https:\/\/api.w.org\/{rel}","templated":true}]}}