{"id":55,"date":"2022-03-04T17:37:01","date_gmt":"2022-03-04T17:37:01","guid":{"rendered":"https:\/\/web4.bilkent.edu.tr\/saldi\/?page_id=55"},"modified":"2025-12-19T18:05:51","modified_gmt":"2025-12-19T18:05:51","slug":"awards-honors","status":"publish","type":"page","link":"https:\/\/web4.bilkent.edu.tr\/saldi\/?page_id=55","title":{"rendered":"Awards &#038; Honors"},"content":{"rendered":"\n<div class=\"wp-block-group is-layout-flow\"><div class=\"wp-block-group__inner-container\">\n<p>T\u00dcBA Outstanding Young Scientists Award, 2025<\/p>\n\n\n\n<p>Mustafa Parlar Research Incentive Award, 2024.                <\/p>\n\n\n\n<p>Hayri K\u00f6rezlio\u011flu Research Award, 2023<\/p>\n\n\n\n<p style=\"font-size:16px\">Science Academy\u2019s Young Scientist Award (BAGEP), 2021<\/p>\n\n\n\n<p style=\"font-size:16px\">Invited Speaker at National Mathematical Symposium as Young Researcher, 2019<\/p>\n\n\n\n<p style=\"font-size:16px\">Queen\u2019s University Engineering and Applied Science Outstanding Thesis Award, 2016<\/p>\n\n\n\n<p style=\"font-size:16px\">IEEE Kingston Section Research Excellence Award for Doctoral Research, 2015<\/p>\n<\/div><\/div>\n\n\n\n<p><\/p>\n","protected":false},"excerpt":{"rendered":"<p>T\u00dcBA Outstanding Young Scientists Award, 2025 Mustafa Parlar Research Incentive Award, 2024. Hayri K\u00f6rezlio\u011flu Research Award, 2023 Science Academy\u2019s Young Scientist Award (BAGEP), 2021 Invited Speaker at National Mathematical Symposium as Young Researcher, 2019 Queen\u2019s University Engineering and Applied Science Outstanding Thesis Award, 2016 IEEE Kingston Section Research Excellence Award for Doctoral Research, 2015<\/p>\n","protected":false},"author":1,"featured_media":0,"parent":0,"menu_order":0,"comment_status":"closed","ping_status":"closed","template":"","meta":[],"_links":{"self":[{"href":"https:\/\/web4.bilkent.edu.tr\/saldi\/index.php?rest_route=\/wp\/v2\/pages\/55"}],"collection":[{"href":"https:\/\/web4.bilkent.edu.tr\/saldi\/index.php?rest_route=\/wp\/v2\/pages"}],"about":[{"href":"https:\/\/web4.bilkent.edu.tr\/saldi\/index.php?rest_route=\/wp\/v2\/types\/page"}],"author":[{"embeddable":true,"href":"https:\/\/web4.bilkent.edu.tr\/saldi\/index.php?rest_route=\/wp\/v2\/users\/1"}],"replies":[{"embeddable":true,"href":"https:\/\/web4.bilkent.edu.tr\/saldi\/index.php?rest_route=%2Fwp%2Fv2%2Fcomments&post=55"}],"version-history":[{"count":13,"href":"https:\/\/web4.bilkent.edu.tr\/saldi\/index.php?rest_route=\/wp\/v2\/pages\/55\/revisions"}],"predecessor-version":[{"id":218,"href":"https:\/\/web4.bilkent.edu.tr\/saldi\/index.php?rest_route=\/wp\/v2\/pages\/55\/revisions\/218"}],"wp:attachment":[{"href":"https:\/\/web4.bilkent.edu.tr\/saldi\/index.php?rest_route=%2Fwp%2Fv2%2Fmedia&parent=55"}],"curies":[{"name":"wp","href":"https:\/\/api.w.org\/{rel}","templated":true}]}}